20 - -2. Let f = -6 - g. Suppose -3*x + 2*x = 4*d - f, d - 22 = -5*x. List the prime factors of d.
2
Suppose 0*f = f + 5*m + 13, -4*f + 3*m + 17 = 0. Suppose -5*b + 2*u = -94, -43 + 3 = -f*b + 2*u. List the prime factors of b.
2, 3
List the prime factors of (1 + (3 - -1))*(-23 - -78).
5, 11
Let k(n) = -30*n - 1. Suppose -s = -2*u - 3*u - 4, u = 5*s + 4. Let z be k(u). Suppose -5*l - 2 = -3*b + z, -29 = -2*b + 5*l. List the prime factors of b.
2
Let o(c) = -c + 6. Let q be o(4). Let y be 0*(q - 1) + 4. Suppose -4*k = -5*l + 29, -4*l - k + y*k + 24 = 0. What are the prime factors of l?
3
Suppose 2*z - 7*z = -170. What are the prime factors of z?
2, 17
What are the prime factors of (-1 - -2) + (108 - -12)?
11
Let t(g) = -2*g**3 + 2*g**2 + 2*g + 4. Let o be t(3). Let v = -80 - -119. Let f = v + o. List the prime factors of f.
13
Let s(c) = -c**3 - 7*c**2 - 7*c - 3. Let a be s(-6). Suppose a*q = -5*d + 92 + 44, q - 5*d = 32. What are the prime factors of q?
2, 3, 7
What are the prime factors of (18/(-3) - -5) + (59 - 1)?
3, 19
Let z = 26 + 5. Let j = -26 + z. What are the prime factors of j?
5
Suppose -3 = g, -3*u - 2*g + 5*g = -255. What are the prime factors of u?
2, 41
Let w be 2/4*(5 + -1). Suppose w*h + 9 = 3*h. List the prime factors of h.
3
Let b = -22 - -25. Suppose -b*h - 3*a = -30, -2*a - 2*a + 45 = 5*h. List the prime factors of h.
5
Suppose 0 = -2*o - 3*a + 31, -2*o + a = -o - 3. Suppose -3*c = -n - 6, -7*c = -2*c - n - o. Let g(u) = 13*u**2 - u. List the prime factors of g(c).
2, 3
Let p = 34 + -24. Suppose p = -2*s + 24. What are the prime factors of s?
7
Suppose -2*f = -h + 4*h + 26, -43 = 5*f + 2*h. Let g(s) = -5*s + 9. What are the prime factors of g(f)?
2, 11
Suppose -8*a = -3*a - 125. What are the prime factors of a?
5
Let y(v) be the third derivative of v**6/120 - 7*v**5/60 - 7*v**4/12 + 3*v**3/2 + 10*v**2. What are the prime factors of y(9)?
3, 5
Suppose s + 10 = 4*x + 2, 0 = 4*s. Suppose 0 = -2*t - 3*c + x + 24, 0 = 2*t + 5*c - 34. List the prime factors of t.
7
Let u = -1 + 15. List the prime factors of u.
2, 7
Suppose -26 = 4*z + v + v, -5*z + 4*v = 26. Let m be -3*(1 + (-2)/z). Let y = 10 + m. List the prime factors of y.
2, 3
Suppose 0 = 7*c - 231 - 252. List the prime factors of c.
3, 23
Let n = 218 - 147. What are the prime factors of n?
71
Suppose 5*c = 4*p - 0*p + 17, 9 = 2*p + c. What are the prime factors of 1 - 1*(1 - p)?
2
Let o be 5/10 - (-47)/2. Suppose w = -0*w + o. List the prime factors of w.
2, 3
Let t = 13 - 7. List the prime factors of t.
2, 3
Let f(g) be the second derivative of -g**4/4 + g**3/6 - g**2/2 + 2*g. Let c be f(1). List the prime factors of (2 - 0)/((-2)/c).
3
Suppose -3*s + 32 = -3*c + 8, 3*s = -5*c - 8. Let x(u) = 2*u**2 - 4*u - 4. What are the prime factors of x(s)?
2, 3
Suppose 0 = -4*a, 0 = -0*p - 5*p - a + 25. Suppose -4*b + v + 7 = -2*b, -p*b + 18 = -3*v. What are the prime factors of b?
3
Let q(g) be the third derivative of g**5/15 + g**4/12 - g**3/2 + 2*g**2. List the prime factors of q(2).
17
Suppose 0 = x - 37 + 4. What are the prime factors of x?
3, 11
Suppose -2*b = -3*b - 3, d + 1 = -2*b. Let l(k) = k**2 + 4*k + 4. Let r be l(-4). Suppose r*n - 36 + 0 = -4*q, -25 = -d*n. What are the prime factors of q?
2
Let o(g) = -2*g**3 - 17*g**2 + 3*g + 6. What are the prime factors of o(-9)?
2, 3, 5
Let w be 3*(60/(-9) + -2). Let q = w - -45. Let s = q - 12. What are the prime factors of s?
7
Suppose 3*g - 112 = -g. List the prime factors of g.
2, 7
Suppose -4*c = -2*c - 156. What are the prime factors of c?
2, 3, 13
Suppose 3*b + 3*f - 14 = 4, -5*f + 25 = 0. Suppose 3*x + b = 52. What are the prime factors of x?
17
What are the prime factors of 0/(-1) + -12 + 18?
2, 3
Let y = 2 - -2. Suppose -36 = -y*u - 0*u. What are the prime factors of u?
3
Let i(s) = -3*s**2 + 6*s + 6. Let m(h) = 10*h**2 - 18*h - 18. Let y(z) = -14*i(z) - 4*m(z). What are the prime factors of y(9)?
2, 3, 7
Suppose -h = -6*h + t - 18, 6 = -4*h - 2*t. Let o = 6 - h. List the prime factors of o.
3
What are the prime factors of ((1 - 1) + -3)*-19?
3, 19
Let t(u) = 6*u**3. What are the prime factors of t(2)?
2, 3
What are the prime factors of (-94)/(-30) + -3 + (-3808)/(-15)?
2, 127
Let u(l) = -l**3 + l**2 - 2*l - 1. Let x be u(-2). Suppose -3*m - 5 = 5*y - 2*m, -5*y - 3*m - x = 0. Suppose y = -2*b + 42 - 0. List the prime factors of b.
3, 7
Let o = 155 + -38. What are the prime factors of o?
3, 13
Let l be 1/4 + (-940)/(-16). Let j = l + -20. Suppose 0 = 2*v - 5*v + j. What are the prime factors of v?
13
Suppose 4*p + 208 = 3*z, -4*z = -p + 4*p - 319. What are the prime factors of z?
2, 19
Suppose 5*j = 3*q - 99, 0*j + 2*j + q = -44. Suppose -8*t = -11*t + 96. Let z = j + t. What are the prime factors of z?
11
Let l(v) = v**3 + 4*v**2 - 2*v - 4. Let x be l(-4). Suppose -4*m = 4*a + m - 26, -4 = -3*a + x*m. Let p = 6 - a. List the prime factors of p.
2
Suppose -7*v = -2*v - 20. What are the prime factors of -1 - (-9)/(12/v)?
2
Let q be (3/(-9))/(2/6). Let n be q/(-3) + 356/12. Suppose 3*f = n + 15. What are the prime factors of f?
3, 5
Suppose 4*i + u - 113 = 3*i, -i - 5*u = -105. List the prime factors of i.
5, 23
Let v = 269 + -153. What are the prime factors of v?
2, 29
Suppose 3*g + 4 = -n, 8*g + 3*n + 12 = 3*g. Let f = g - -6. List the prime factors of f.
2, 3
Let n be -4*(3 - 5 - -3). What are the prime factors of (-1)/(n/(-200)*-2)?
5
Let v = 7 + -4. Suppose -r - 4*y - 378 = -3*r, v*y - 184 = -r. What are the prime factors of (-4)/(-18) + r/9?
3, 7
Let q be 5/((-48)/(-15) - 3). Let v = -16 + q. List the prime factors of v.
3
Let o(l) = -l**3 - 15*l**2 - 24*l - 37. What are the prime factors of o(-15)?
17, 19
Let y be -17 + 0*2/(-2). Let h = y - -111. Suppose -5*o - 34 = -h. What are the prime factors of o?
2, 3
Let l = 25 + -46. Let c be 1/((l/54)/(-7)). What are the prime factors of 40/15*c/8?
2, 3
Let q(n) = 14*n**2 - 21*n - 5. What are the prime factors of q(-4)?
3, 101
Let h(z) = 71*z**2. List the prime factors of h(2).
2, 71
Let p = 108 + -66. List the prime factors of p.
2, 3, 7
Let s(u) = u**3 - 7*u**2 + 5*u + 8. Let t be s(6). Suppose -t = 2*n + 4*y - 0, 1 = n + 4*y. Let p = 0 - n. What are the prime factors of p?
3
Let u(w) = -3*w + w - 4 + 3. What are the prime factors of u(-2)?
3
Suppose 3*b - 5*s = 4*b + 5, s = 0. Let f be 5/(-25) + (-56)/b. What are the prime factors of 1/(-1) + f + 2?
2, 3
Suppose t = -4*g + 75, 3*t - 3*g + 77 = 4*t. What are the prime factors of t?
83
Suppose -2*r - 974 = -4*s, -s + 5*r = 2*s - 713. What are the prime factors of s?
2, 3, 41
Suppose 6*c - c - 4*d - 443 = 0, 3*d + 6 = 0. What are the prime factors of c?
3, 29
Suppose -2*x = -x - 5. Suppose -l = x, 4*l + 7 + 11 = -g. Suppose -g*w = 2*w - 8. List the prime factors of w.
2
Let j be (9 - 12)*(-1)/(-3). Let x(s) = 14*s**2 - s - 1. What are the prime factors of x(j)?
2, 7
List the prime factors of (70/(-15))/(1/(-33)).
2, 7, 11
Let j = -37 + 73. What are the prime factors of j?
2, 3
Suppose -l = -3*k - 71, -4*l + 242 = -0*l + 2*k. What are the prime factors of l?
2, 31
Suppose -3*u = -2*j - 23, -3*u + j + 43 = 2*u. Suppose -v - u = -4*v. What are the prime factors of v?
3
Let l(s) = -2*s - 1. Let f be l(-2). Suppose 3*k + 9 = 0, -f*k + 17 = 5*h - 2*k. Suppose 0 = -0*c + h*c - 12. List the prime factors of c.
3
Let m be -1 + -4 + 0 + 4. Let n = 7 + m. What are the prime factors of n?
2, 3
Let i(o) = o**3 + o**2 - o + 2. What are the prime factors of i(4)?
2, 3, 13
Let t(x) = x**3 - 10*x**2 - 18*x + 12. Let f be t(12). Suppose -6*r - f = -9*r. List the prime factors of r.
2, 7
Let q(y) = y**2 - 8*y + 0*y**2 - 1 + 3*y - 2. Let f = 7 - 1. List the prime factors of q(f).
3
Suppose -5*v - 5*a = 60, 4*v = 2*v - 5*a - 33. Suppose -3*z + 47 = 2. Let s = z + v. List the prime factors of s.
2, 3
Let p(b) = b**3 + b**2 + 4. What are the prime factors of p(0)?
2
Suppose -2*y = -0*y - 6. Suppose 3*k + 214 = 8*k + y*w, 0 = 5*k - 5*w - 230. List the prime factors of k.
2, 11
Suppose -4*d - l = -4, d - 4 = 4*d - l. Suppose -5*v = -y - 3*v + 17, -5*v + 20 = d. What are the prime factors of y?
5
Let x be ((-1)/2)/((-2)/16). Suppose 0 = -2*w + 4*v, 0 = x*w - v - 2*v - 25. What are the prime factors of w?
2, 5
Suppose 6 = 3*n, -4*u = -u + 5*n -